rs of 1690819?
13, 113, 1151
List the prime factors of 91213843.
7, 37, 50311
What are the prime factors of 191814035?
5, 7, 5480401
List the prime factors of 545001710.
2, 5, 11, 4954561
What are the prime factors of 20593385?
5, 449, 9173
What are the prime factors of 34206150?
2, 3, 5, 11, 20731
List the prime factors of 115310689.
13, 8870053
List the prime factors of 46733518.
2, 13, 43, 41801
List the prime factors of 29140606.
2, 11, 1324573
List the prime factors of 164764845.
3, 5, 7, 31, 47, 359
List the prime factors of 565353904.
2, 17, 2078507
What are the prime factors of 3966852671?
223, 17788577
What are the prime factors of 5092253829?
3, 13, 523, 83219
List the prime factors of 15695150.
2, 5, 89, 3527
What are the prime factors of 8197268?
2, 31, 66107
What are the prime factors of 404305423?
673, 600751
List the prime factors of 2231785773.
3, 7, 35425171
List the prime factors of 13803485.
5, 2760697
List the prime factors of 433001169.
3, 17, 2830073
What are the prime factors of 236953750?
2, 5, 11, 19, 907
What are the prime factors of 4304360613?
3, 7, 673, 304561
What are the prime factors of 50835447?
3, 13, 37, 11743
List the prime factors of 42847934.
2, 73, 269, 1091
List the prime factors of 819250336.
2, 1171, 21863
What are the prime factors of 6687889088?
2, 127, 822821
What are the prime factors of 311384627?
41, 1549, 4903
List the prime factors of 1884442581.
3, 7, 47, 636421
What are the prime factors of 2282897082?
2, 3, 19, 241, 83093
List the prime factors of 1390699112.
2, 11, 15803399
List the prime factors of 95603811.
3, 5441, 5857
List the prime factors of 37906311.
3, 17, 19, 39119
What are the prime factors of 76569777?
3, 8507753
List the prime factors of 4044729442.
2, 13, 155566517
What are the prime factors of 756189112?
2, 7, 13503377
What are the prime factors of 124726760?
2, 5, 3118169
What are the prime factors of 11190399?
3, 11, 339103
What are the prime factors of 341155534?
2, 1409, 121063
What are the prime factors of 376255056?
2, 3, 53, 131, 1129
List the prime factors of 111731941.
3389, 32969
What are the prime factors of 535833399?
3, 1933, 92401
List the prime factors of 196138796.
2, 7, 53, 132169
What are the prime factors of 819543033?
3, 91060337
List the prime factors of 201080834.
2, 53, 1896989
What are the prime factors of 217097013?
3, 7, 673, 15361
List the prime factors of 300786862.
2, 31, 919, 5279
List the prime factors of 901137906.
2, 3, 53, 461, 683
List the prime factors of 287455420.
2, 5, 7, 2053253
List the prime factors of 170379276.
2, 3, 239, 59407
What are the prime factors of 517103579?
71, 7283149
List the prime factors of 44151042.
2, 3, 13, 127, 4457
What are the prime factors of 389606262?
2, 3, 64934377
List the prime factors of 7321156.
2, 19, 96331
What are the prime factors of 318348919?
7, 17, 2675201
What are the prime factors of 82664042?
2, 31, 1333291
What are the prime factors of 49956638?
2, 449, 55631
List the prime factors of 3993472568.
2, 499184071
List the prime factors of 39920115.
3, 5, 2661341
What are the prime factors of 160797086?
2, 1201, 66943
What are the prime factors of 189619702?
2, 1283, 73897
What are the prime factors of 249035531?
249035531
What are the prime factors of 128922167?
11, 11720197
What are the prime factors of 1056774272?
2, 461, 17909
List the prime factors of 11481571.
11481571
List the prime factors of 20857536.
2, 3, 7, 739
What are the prime factors of 3126500567?
31, 971, 103867
What are the prime factors of 2735054782?
2, 1367527391
List the prime factors of 2020546324.
2, 505136581
What are the prime factors of 51550368?
2, 3, 61, 8803
What are the prime factors of 159002547?
3, 11, 17, 151, 1877
What are the prime factors of 1436540670?
2, 3, 5, 23, 25703
What are the prime factors of 1308487669?
4937, 265037
What are the prime factors of 1187271878?
2, 13, 45664303
List the prime factors of 366226818.
2, 3, 17, 227, 15817
List the prime factors of 36254856.
2, 3, 11, 191, 719
What are the prime factors of 117556776?
2, 3, 47, 34739
What are the prime factors of 57898411?
59, 127, 7727
List the prime factors of 142245262.
2, 97, 7559
List the prime factors of 68495482.
2, 11, 17, 373, 491
What are the prime factors of 5524308429?
3, 23, 1171, 68371
List the prime factors of 3051626900.
2, 5, 7, 622781
What are the prime factors of 716141037?
3, 61, 257, 15227
List the prime factors of 324327566.
2, 757, 214219
List the prime factors of 353722674.
2, 3, 367, 160637
List the prime factors of 1398286167.
3, 173, 311, 8663
List the prime factors of 3214502568.
2, 3, 2837, 15737
List the prime factors of 25564938.
2, 3, 7, 157, 3877
List the prime factors of 104611267.
31, 3374557
List the prime factors of 29646849.
3, 9882283
What are the prime factors of 47388291?
3, 29, 101, 5393
List the prime factors of 474250157.
41, 11567077
List the prime factors of 4053372217.
41, 1097, 90121
What are the prime factors of 3021480934?
2, 1510740467
What are the prime factors of 13939267?
43, 179, 1811
What are the prime factors of 331190618?
2, 11, 277, 54347
What are the prime factors of 819695589?
3, 257, 1063159
What are the prime factors of 1160818435?
5, 7, 33166241
What are the prime factors of 12816954?
2, 3, 61, 1297
What are the prime factors of 1651404609?
3, 37, 109, 45497
List the prime factors of 8512281.
3, 945809
What are the prime factors of 340354508?
2, 13, 503483
List the prime factors of 9453268.
2, 11, 181, 1187
List the prime factors of 215181342.
2, 3, 17, 151, 4657
List the prime factors of 4127097.
3, 13, 23, 43, 107
List the prime factors of 378277191.
3, 42030799
What are the prime factors of 3902272858?
2, 11, 19, 37, 252313
What are the prime factors of 83461603?
37, 61, 36979
What are the prime factors of 2084892784?
2, 13, 17, 461, 1279
What are the prime factors of 5709926459?
17, 41, 47, 10253
What are the prime factors of 250224084?
2, 3, 11, 23, 83, 331
List the prime factors of 36427319.
367, 99257
What are the prime factors of 940123099?
149, 6309551
What are the prime factors of 1912523397?
3, 1019, 625621
List the prime factors of 2228496487.
7, 318356641
What are the prime factors of 1386812787?
3, 53, 8722093
List the prime factors of 32083247.
7, 4583321
List the prime factors of 635688878.
2, 11, 281, 102829
List the prime factors of 147219763.
8093, 18191
What are the prime factors of 238430633?
7, 109, 211, 1481
What are the prime factors of 413394176?
2, 13, 31, 4007
List the prime factors of 108446521.
149, 449, 1621
List the prime factors of 427782935.
5, 61, 1402567
What are the prime factors of 178355507?
11, 1151, 14087
List the prime factors of 91359569.
7, 181, 10301
List the prime factors of 1196616449.
7, 67, 2551421
What are the prime factors of 1755578977?
9689, 181193
What are the prime factors of 298119222?
2, 3, 16562179
List the prime factors of 4986485628.
2, 3, 17, 19, 1286503
List the prime factors of 225846054.
2, 3, 7, 17, 105437
What are the prime factors of 816374257?
73, 359, 31151
What are the prime factors of 212407221?
3, 13, 71, 79, 971
What are the prime factors of 1768575091?
59, 113, 265273
What are the prime factors of 194339372?
2, 19, 31, 82487
List the prime factors of 137853236.
2, 107, 137, 2351
What are the prime factors of 1778508696?
2, 3, 74104529
List the prime factors of 607117089.
3, 19, 487, 21871
List the prime factors of 3769400295.
3, 5, 71, 101, 11681
List the prime factors of 261695656.
2, 23, 73, 19483
List the prime factors of 1452993448.
2, 181624181
What are the prime factors of 1019266544?
2, 63704159
List the prime factors of 10761006.
2, 3, 37, 48473
List the prime factors of 35228315.
5, 113, 62351
List the prime factors of 2898920269.
7, 19, 21796393
What are the prime factors of 198796023?
3, 22088447
What are the prime factors of 1523085322?
2, 11, 1259, 4999
List the prime factors of 936246536.
2, 89, 1314953
List the prime factors of 8725348724.
2, 23, 6703, 14149
List the prime factors of 2896387001.
20051, 144451
What are the prime factors of 324525998?
2, 23, 277, 25469
What are the prime factors of 3688489245?
3, 5, 7, 35128469
List the prime factors of 1474125966.
2, 3, 3033181
What are the p